est common factor of 1072 and 7791028?
268
What is the greatest common factor of 657 and 1541541?
219
Calculate the highest common divisor of 42880981 and 2951.
2951
What is the highest common factor of 2206159 and 16297?
379
Calculate the greatest common divisor of 33074048 and 4480.
896
Calculate the greatest common divisor of 178672 and 377.
13
What is the greatest common divisor of 134130006 and 3078?
3078
Calculate the highest common factor of 6048 and 291136.
32
What is the greatest common factor of 280 and 60595?
5
Calculate the greatest common divisor of 1281024 and 907776.
4608
Calculate the greatest common factor of 4679345 and 55.
55
Calculate the highest common divisor of 862745 and 373321.
169
What is the greatest common divisor of 7570 and 306070?
10
Calculate the highest common divisor of 782124 and 1878.
6
What is the greatest common factor of 393464 and 93160?
1096
What is the highest common divisor of 14824 and 550086?
34
What is the greatest common factor of 9 and 9288441?
9
What is the highest common divisor of 156488 and 1209?
31
What is the greatest common factor of 135737 and 1267?
7
What is the highest common divisor of 616860 and 3635898?
894
Calculate the greatest common factor of 20661 and 16162431.
291
Calculate the greatest common factor of 960 and 1377.
3
Calculate the highest common factor of 137 and 44207434.
137
What is the highest common divisor of 9082 and 50111608?
478
What is the highest common factor of 52857126 and 1026?
342
What is the greatest common factor of 1399555 and 90345?
1585
What is the highest common divisor of 111563959 and 13?
13
Calculate the highest common divisor of 77976 and 4428.
108
Calculate the greatest common divisor of 37694841 and 17925.
717
Calculate the greatest common factor of 12789 and 876267.
441
What is the greatest common factor of 444 and 110821512?
444
Calculate the greatest common divisor of 194233 and 340561.
871
Calculate the greatest common factor of 39256 and 88409419.
4907
What is the highest common divisor of 31072714 and 5054?
722
What is the greatest common divisor of 6806 and 12908932?
82
What is the highest common divisor of 8951788 and 5348?
764
What is the greatest common factor of 586 and 1475109086?
586
What is the greatest common factor of 263328 and 282912?
96
What is the greatest common divisor of 1560 and 124552?
8
Calculate the highest common factor of 466 and 260714.
2
What is the greatest common factor of 37368 and 3792333?
519
Calculate the highest common divisor of 8900 and 37446928.
356
Calculate the greatest common divisor of 2155058584 and 38.
38
Calculate the greatest common divisor of 12236380 and 1300.
260
What is the greatest common factor of 1035 and 86813865?
45
Calculate the greatest common factor of 333 and 125937.
9
What is the highest common factor of 1748213902 and 2204?
1102
What is the greatest common divisor of 4930 and 10385045?
2465
What is the highest common factor of 97566 and 588252?
42
Calculate the highest common divisor of 21834 and 115858482.
7278
What is the greatest common divisor of 167316 and 44019?
219
What is the greatest common factor of 973983602 and 101?
101
Calculate the greatest common divisor of 1261413 and 188703.
783
What is the highest common factor of 3870 and 19138010?
430
What is the highest common divisor of 207 and 2088561?
69
Calculate the highest common factor of 20429104 and 2128.
304
Calculate the highest common factor of 6 and 831089058.
6
Calculate the greatest common divisor of 99803696 and 48.
16
Calculate the greatest common factor of 1500 and 140636000.
500
What is the greatest common factor of 3700 and 1191140?
20
Calculate the greatest common factor of 42347 and 947003.
47
What is the highest common divisor of 38943653 and 7?
7
What is the highest common divisor of 105381220 and 56?
28
Calculate the greatest common divisor of 60477 and 31008.
57
What is the highest common factor of 10 and 21727330?
10
What is the greatest common factor of 708192 and 11808?
288
What is the highest common factor of 1591 and 260621710?
1591
Calculate the highest common factor of 32283 and 3975246.
153
Calculate the greatest common divisor of 923653872 and 48.
48
Calculate the highest common factor of 52290 and 15102.
18
Calculate the greatest common divisor of 2038578 and 154818.
282
Calculate the greatest common factor of 522 and 9936328.
58
Calculate the highest common factor of 49363857 and 108.
27
What is the greatest common factor of 1770411693 and 5669?
5669
What is the greatest common divisor of 2895 and 23385?
15
Calculate the highest common divisor of 16762 and 547366.
578
What is the greatest common factor of 1335044 and 155788?
1972
What is the highest common divisor of 22792 and 25932116?
1036
What is the highest common factor of 910918 and 1226?
1226
Calculate the greatest common factor of 668 and 92636.
4
Calculate the greatest common factor of 11729 and 477707.
37
What is the greatest common divisor of 49215961 and 422?
211
What is the greatest common factor of 16856 and 90748?
196
Calculate the greatest common divisor of 22 and 160942606.
22
Calculate the greatest common divisor of 247140 and 139680.
180
What is the greatest common divisor of 3698312 and 127832?
4408
What is the greatest common divisor of 20864 and 212736?
128
What is the greatest common factor of 6401 and 855141595?
6401
Calculate the highest common factor of 3430 and 1325156.
98
What is the greatest common divisor of 6995160 and 26112?
408
Calculate the highest common divisor of 16 and 161057352.
8
What is the greatest common factor of 3391690 and 2280?
190
What is the greatest common factor of 78 and 17915222?
26
Calculate the highest common divisor of 8335141 and 122459.
881
Calculate the highest common factor of 207 and 5341911.
69
What is the greatest common divisor of 3459 and 159704336?
1153
Calculate the greatest common divisor of 3266397 and 1887.
1887
What is the greatest common divisor of 6350345 and 12229?
1747
Calculate the greatest common divisor of 299 and 4438057.
299
What is the greatest common divisor of 17710285 and 5275?
1055
What is the greatest common divisor of 893067 and 61824?
483
What is the greatest common divisor of 100724 and 5658796?
676
Calculate the highest common divisor of 20539 and 13777.
23
What is the highest common factor of 10470 and 9376932?
2094
Calculate the greatest common factor of 5740 and 375460.
20
What is the greatest common divisor of 891 and 6688704?
33
Calculate the highest common factor of 2063 and 3615240397.
2063
What is the greatest common factor of 251299 and 553?
79
What is the greatest common divisor of 2538144026 and 5126?
5126
What is the highest common divisor of 12285882 and 1638?
126
Calculate the highest common factor of 133551 and 56221.
209
What is the highest common factor of 6687081 and 6?
3
What is the highest common factor of 138 and 12834483?
69
Calculate the highest common factor of 11 and 1422211780.
11
Calculate the greatest common divisor of 65205 and 6785.
115
What is the greatest common factor of 2232 and 10713096?
72
Calculate the greatest common divisor of 81838 and 943959.
1411
What is the highest common factor of 443 and 54674174?
443
What is the highest common divisor of 1872 and 2816496?
144
What is the highest common divisor of 216792535 and 5?
5
Calculate the highest common factor of 6632 and 10454.
2
Calculate the greatest common divisor of 1056 and 337568.
352
What is the highest common divisor of 5375 and 686065?
215
Calculate the highest common divisor of 22574376 and 1980.
396
Calculate the highest common divisor of 20328 and 14091.
231
What is the greatest common factor of 935 and 1582207?
187
Calculate the greatest common factor of 39254913 and 26091.
2007
What is the greatest common divisor of 119883 and 1875141?
267
What is the highest common factor of 481671189 and 1647?
549
What is the greatest common factor of 19535849 and 683?
683
Calculate the highest common factor of 739130 and 868.
14
Calculate the greatest common factor of 20235 and 568860.
285
What is the greatest common factor of 3359958470 and 8530?
8530
What is the greatest common factor of 2248 and 73555122?
562
Calculate the greatest common factor of 5048659 and 107